{"id":43,"date":"2024-10-08T20:28:56","date_gmt":"2024-10-09T01:28:56","guid":{"rendered":"https:\/\/palmicucuta.com\/index.php\/product\/"},"modified":"2025-09-19T12:43:49","modified_gmt":"2025-09-19T17:43:49","slug":"nosotros","status":"publish","type":"page","link":"https:\/\/palmicucuta.com\/index.php\/nosotros\/","title":{"rendered":"Nosotros"},"content":{"rendered":"\n\n\n<h2><span style=\"font-size:11.0pt;line-height:107%;\nfont-family:&quot;Calibri&quot;,sans-serif;mso-ascii-theme-font:minor-latin;mso-fareast-font-family:\nCalibri;mso-fareast-theme-font:minor-latin;mso-hansi-theme-font:minor-latin;\nmso-bidi-font-family:&quot;Times New Roman&quot;;mso-bidi-theme-font:minor-bidi;\nmso-ansi-language:ES-CO;mso-fareast-language:EN-US;mso-bidi-language:AR-SA\">Nosotros<\/span><br><\/h2>\n\n\n\n\n<h2>HISTORIA<\/h2>\n<p align=\"justify\">Fundada en 2021, AGROINDUSTRIA PALMICUCUTA S.A.S. es el resultado de d\u00e9cadas de experiencia en el sector agropecuario. Hemos aprovechado nuestra ubicaci\u00f3n estrat\u00e9gica en el valle del r\u00edo Zulia, bajo el r\u00e9gimen ZESE, para fortalecer nuestro negocio con ventajas competitivas en el cultivo de palma de aceite y la producci\u00f3n ganadera.<\/p>\n\n\n\n\n\n\n\n<h2>MISION<\/h2>\n<h2>Generar condiciones de calidad para la siembra y cultivo de palma de aceite, as\u00ed como para la producci\u00f3n de carne, a trav\u00e9s de pr\u00e1cticas tecnificadas y sostenibles.<\/h2>\n\n\n<h2>VISION<\/h2>\n<h2>Ser un referente en el desarrollo sostenible y tecnificado de la palma de aceite y la ganader\u00eda, impulsando el crecimiento del sector agropecuario en Colombia.<\/h2>\n\n\n\n\n\n\n\n<h2>VALORES<\/h2>\n\nInnovaci\u00f3n: Estamos comprometidos con la implementaci\u00f3n de nuevas tecnolog\u00edas y pr\u00e1cticas avanzadas en nuestros procesos agroindustriales, buscando siempre la mejora continua y la eficiencia en el cultivo de palma de aceite y la ganader\u00eda de engorde.\nSostenibilidad: Adoptamos pr\u00e1cticas agr\u00edcolas y ganaderas que minimizan nuestro impacto ambiental, garantizando el uso responsable de los recursos naturales y contribuyendo al bienestar del entorno y de las comunidades locales.\nCalidad: Nos esforzamos por ofrecer productos de la m\u00e1s alta calidad, desde nuestras pl\u00e1ntulas de palma de aceite certificadas hasta la carne producida bajo nuestro modelo semi-intensivo, asegurando que cada etapa del proceso cumpla con los m\u00e1s altos est\u00e1ndares.\nCompromiso con el Desarrollo Agropecuario: Nuestro enfoque est\u00e1 en contribuir al crecimiento y fortalecimiento del sector agropecuario, no solo a trav\u00e9s de nuestras actividades empresariales, sino tambi\u00e9n mediante la generaci\u00f3n de empleo y el apoyo a iniciativas locales que promuevan el progreso econ\u00f3mico y social.\nResponsabilidad Social: Valoramos a las personas y las comunidades que forman parte de nuestro entorno, promoviendo su desarrollo a trav\u00e9s de empleos dignos, programas de formaci\u00f3n y pr\u00e1cticas empresariales \u00e9ticas.\n\n\n\n\n\n\n\n","protected":false},"excerpt":{"rendered":"","protected":false},"author":1,"featured_media":0,"parent":0,"menu_order":0,"comment_status":"closed","ping_status":"closed","template":"","meta":{"_themeisle_gutenberg_block_has_review":false,"footnotes":""},"class_list":["post-43","page","type-page","status-publish","hentry"],"_links":{"self":[{"href":"https:\/\/palmicucuta.com\/index.php\/wp-json\/wp\/v2\/pages\/43","targetHints":{"allow":["GET"]}}],"collection":[{"href":"https:\/\/palmicucuta.com\/index.php\/wp-json\/wp\/v2\/pages"}],"about":[{"href":"https:\/\/palmicucuta.com\/index.php\/wp-json\/wp\/v2\/types\/page"}],"author":[{"embeddable":true,"href":"https:\/\/palmicucuta.com\/index.php\/wp-json\/wp\/v2\/users\/1"}],"replies":[{"embeddable":true,"href":"https:\/\/palmicucuta.com\/index.php\/wp-json\/wp\/v2\/comments?post=43"}],"version-history":[{"count":10,"href":"https:\/\/palmicucuta.com\/index.php\/wp-json\/wp\/v2\/pages\/43\/revisions"}],"predecessor-version":[{"id":166,"href":"https:\/\/palmicucuta.com\/index.php\/wp-json\/wp\/v2\/pages\/43\/revisions\/166"}],"wp:attachment":[{"href":"https:\/\/palmicucuta.com\/index.php\/wp-json\/wp\/v2\/media?parent=43"}],"curies":[{"name":"wp","href":"https:\/\/api.w.org\/{rel}","templated":true}]}}