{"id":86,"date":"2024-10-08T23:09:59","date_gmt":"2024-10-09T04:09:59","guid":{"rendered":"https:\/\/palmicucuta.com\/?page_id=86"},"modified":"2024-11-13T23:09:48","modified_gmt":"2024-11-14T04:09:48","slug":"nuestros-productos","status":"publish","type":"page","link":"https:\/\/palmicucuta.com\/index.php\/nuestros-productos\/","title":{"rendered":"Nuestros Productos"},"content":{"rendered":"\n\n\n<h2><span style=\"font-size:11.0pt;line-height:107%;\nfont-family:&quot;Calibri&quot;,sans-serif;mso-ascii-theme-font:minor-latin;mso-fareast-font-family:\nCalibri;mso-fareast-theme-font:minor-latin;mso-hansi-theme-font:minor-latin;\nmso-bidi-font-family:&quot;Times New Roman&quot;;mso-bidi-theme-font:minor-bidi;\nmso-ansi-language:ES-CO;mso-fareast-language:EN-US;mso-bidi-language:AR-SA\">Nuestros Productos<\/span><br><\/h2>\n\n\n\n\n<h2><span style=\"font-size:11.0pt;line-height:107%;\nfont-family:&quot;Calibri&quot;,sans-serif;mso-ascii-theme-font:minor-latin;mso-fareast-font-family:\nCalibri;mso-fareast-theme-font:minor-latin;mso-hansi-theme-font:minor-latin;\nmso-bidi-font-family:&quot;Times New Roman&quot;;mso-bidi-theme-font:minor-bidi;\nmso-ansi-language:ES-CO;mso-fareast-language:EN-US;mso-bidi-language:AR-SA\">Cultivo\nde Palma de Aceite<\/span><br><\/h2>\n<p align=\"justify\">AGROINDUSTRIA PALMICUCUTA S.A.S. cuenta con cultivos de palma de aceite tecnificados con sistemas de riego proveniente del Mini distrito de riego ASUVEGA y una infraestructura que incluye 70 hect\u00e1reas con 5 reservorios para suministro de agua y 4 cuartos de m\u00e1quinas, garantizamos una producci\u00f3n eficiente y sostenible de este importante producto agr\u00edcola.<\/p>\n\n\n\n\n\n\n\n\n\n\n<h2><span style=\"font-size:11.0pt;line-height:107%;\nfont-family:&quot;Calibri&quot;,sans-serif;mso-ascii-theme-font:minor-latin;mso-fareast-font-family:\nCalibri;mso-fareast-theme-font:minor-latin;mso-hansi-theme-font:minor-latin;\nmso-bidi-font-family:&quot;Times New Roman&quot;;mso-bidi-theme-font:minor-bidi;\nmso-ansi-language:ES-CO;mso-fareast-language:EN-US;mso-bidi-language:AR-SA\">Vivero\nde Palma de Aceite<\/span><br><\/h2>\n<p align=\"justify\">Nuestra l\u00ednea de negocios en ganader\u00eda de engorde, implementada con  un modelo semi-intensivo, fundamentado en la rotaci\u00f3n de potreros, la alimentaci\u00f3n con Henolaje de pasto Angleton  y el uso de otros subproductos de procesos agroindustriales,  logrando un rendimiento promedio de 900 gramos por d\u00eda por novillo..<\/p>\n\n\n\n\n<h2><span style=\"font-size:11.0pt;line-height:107%;\nfont-family:&quot;Calibri&quot;,sans-serif;mso-ascii-theme-font:minor-latin;mso-fareast-font-family:\nCalibri;mso-fareast-theme-font:minor-latin;mso-hansi-theme-font:minor-latin;\nmso-bidi-font-family:&quot;Times New Roman&quot;;mso-bidi-theme-font:minor-bidi;\nmso-ansi-language:ES-CO;mso-fareast-language:EN-US;mso-bidi-language:AR-SA\">Ganader\u00eda\nde Engorde Semi-Intensiva<\/span><br><\/h2>\n<p align=\"justify\">Nuestro vivero certificado por el ICA tiene una capacidad instalada para la producci\u00f3n de 90 mil pl\u00e1ntulas de palma de aceite por a\u00f1o, cultivadas con semillas certificadas de laboratorios nacionales e internacionales, aseguramos la calidad y sostenibilidad del proceso de siembra, apoyado por infraestructura de riego avanzada.<\/p>\n\n\n\n\n\n\n\n\n\n","protected":false},"excerpt":{"rendered":"","protected":false},"author":1,"featured_media":0,"parent":0,"menu_order":0,"comment_status":"closed","ping_status":"closed","template":"","meta":{"_themeisle_gutenberg_block_has_review":false,"footnotes":""},"class_list":["post-86","page","type-page","status-publish","hentry"],"_links":{"self":[{"href":"https:\/\/palmicucuta.com\/index.php\/wp-json\/wp\/v2\/pages\/86","targetHints":{"allow":["GET"]}}],"collection":[{"href":"https:\/\/palmicucuta.com\/index.php\/wp-json\/wp\/v2\/pages"}],"about":[{"href":"https:\/\/palmicucuta.com\/index.php\/wp-json\/wp\/v2\/types\/page"}],"author":[{"embeddable":true,"href":"https:\/\/palmicucuta.com\/index.php\/wp-json\/wp\/v2\/users\/1"}],"replies":[{"embeddable":true,"href":"https:\/\/palmicucuta.com\/index.php\/wp-json\/wp\/v2\/comments?post=86"}],"version-history":[{"count":8,"href":"https:\/\/palmicucuta.com\/index.php\/wp-json\/wp\/v2\/pages\/86\/revisions"}],"predecessor-version":[{"id":157,"href":"https:\/\/palmicucuta.com\/index.php\/wp-json\/wp\/v2\/pages\/86\/revisions\/157"}],"wp:attachment":[{"href":"https:\/\/palmicucuta.com\/index.php\/wp-json\/wp\/v2\/media?parent=86"}],"curies":[{"name":"wp","href":"https:\/\/api.w.org\/{rel}","templated":true}]}}